4. Let g(v) = -v**3 + 15*v**2 + 5*v - 14. Let j(i) = i**3 - 16*i**2 - 6*i + 14. Let k(o) = c*j(o) - 3*g(o). What is the hundreds digit of k(19)?
1
Suppose -2878 = 13*q + 11773. Let x = q + 1634. What is the units digit of x?
7
Suppose 380*u - 311*u - 2384502 = 0. What is the hundreds digit of u?
5
Let h(t) = 90*t**3 + 12*t**2 - 95*t + 3. What is the tens digit of h(5)?
7
Let z be (1242/69)/((-2)/(-19)). Suppose 5*j = h + 3*h - z, -4*j - 207 = -5*h. What is the tens digit of h?
3
Suppose -12*f = -15*f. Suppose -q = f, -3*q = 4*s + 15 - 283. Suppose 6*x - s = 923. What is the units digit of x?
5
Let h = -309 + 313. Suppose -17*a + 1280 = h*y - 15*a, -3*a = 0. What is the tens digit of y?
2
Suppose 3*j - 10*t - 40 = -8*t, -3*t - 67 = -5*j. Let p(o) = o**2 + 13 + 5*o**2 + 3*o + 4 - o**3 + 9*o**2. What is the tens digit of p(j)?
5
Suppose 30 - 18 = 3*y. Suppose 5*t = -24 + y, 3*v = -2*t + 31. Suppose 0 = v*f - 7*f - 978. What is the units digit of f?
3
Suppose 2*i + 10 = 2*n + 3*n, 5*i - 5 = 5*n. Suppose -8*j + i*j + 258 = 0. Let m = j + 40. What is the tens digit of m?
2
Let w(u) = u**2 - 4*u - 13. Let p be w(6). Let r be 7 + p + (-3 - -1). What is the units digit of r/18 - (1148/(-18) - -6)?
8
Let b(d) = 2*d**2 + 6*d - 39. Let h be b(-8). Suppose 0 = h*o - 39*o - 664. What is the units digit of o?
2
Let t(a) = 96*a**2 + a - 1. Let b be t(-1). Suppose -8*u = -10*u + b. What is the tens digit of u?
4
Suppose 72*n + 35579 = 86*n - 50073. What is the hundreds digit of n?
1
Let f(q) = q**3 - 56*q**2 - 24*q + 160. What is the hundreds digit of f(58)?
4
Suppose -5*a = -4*n - 370 - 83, 4*a = 5*n + 366. Suppose -64 - 18 = -3*u + b, -2*b = u - 18. Let c = u + a. What is the tens digit of c?
1
Suppose 5*i = 57 + 3. Let j(x) = 73*x - 174. What is the hundreds digit of j(i)?
7
Suppose 252 = -5*j + 11*j. Let u = 47 - j. Suppose u*a - 3*s = 204, -4*a - 4*s = 18 - 194. What is the tens digit of a?
4
Let a(j) = 37*j**2 + 2*j + 4. Let i = 32 + -28. What is the units digit of a(i)?
4
Let v = 300 + -292. Let l(z) = 2*z**2 + 30*z + 8. What is the hundreds digit of l(v)?
3
Let b be 68/442 + (-27662)/(-13). Suppose b = 8*a - 2176. What is the tens digit of a?
3
Let v = -2960 - -6831. What is the units digit of v?
1
Let v = 15123 - 12572. What is the units digit of v?
1
Let y = 74 - 35. Let g = -75 + y. Let n = 37 + g. What is the units digit of n?
1
Let u = 2521 + 2383. What is the tens digit of u?
0
Suppose 4*m = -5*n - 22 - 28, 5*m + 58 = -4*n. What is the hundreds digit of -4 + 14*(-5)/m - -104?
1
Let h = -237 + 140. Let v = h + 242. What is the tens digit of v?
4
Let t = 380 - 255. Let c = t - -280. What is the tens digit of c?
0
Let o be (-5)/(-25) - 319/(-55). What is the units digit of -137*(-2 - -4 - o)?
8
Suppose 4*a - 151950 = 2*u, a + 19*u = 21*u + 37992. What is the units digit of a?
6
Let h(d) = 2*d**2 - 60*d - 296. What is the thousands digit of h(47)?
1
Let d be 14/2 + 0 + 140. Suppose -4*b + d = -197. What is the tens digit of b?
8
Let a be 4*(-4)/(-16) - (-24 + -2). Suppose q - 17 = -3*v, -q = 7*v - 6*v - a. What is the units digit of q?
2
Let z(u) = 48*u**2 - 146*u + 116. Let n(x) = 10*x**2 - 29*x + 23. Let f(s) = -14*n(s) + 3*z(s). What is the hundreds digit of f(-9)?
6
Let a(p) = -556*p + 2. Let r be a(-2). Let h = r - 113. Suppose 5*j + 6*j - h = 0. What is the units digit of j?
1
Let f be 160/4 - 4/(-1). Let h be (-302)/4 + (-22)/f. What is the units digit of (90/(-36))/(2/h)?
5
Suppose 4*m - 17 = 11. Let f be 2*(-5)/(-10)*m. Suppose f*r + 1032 = 11*r. What is the hundreds digit of r?
2
Suppose -3*o + 30313 = 12*h - 8*h, -5*h - 5*o = -37890. What is the hundreds digit of h?
5
Let l be ((-6624)/5)/2 + 108/(-180). Let q = l - -1009. What is the hundreds digit of q?
3
Suppose -15 = -5*f, 2*j + 5*f - 1 - 6 = 0. What is the hundreds digit of (-13335)/(-30) - 6/j?
4
Let f be ((-36)/14)/(5/(-70)). Suppose -3*x = -x - f. Let r = -14 + x. What is the units digit of r?
4
Let l = 153 - 159. What is the hundreds digit of (0 - 1)*(l - 555)?
5
Let k(i) = 3*i**2 + 28*i + 11. Let h be k(-9). Suppose 0 = -j - 4*d - 6, -5*j + h*d + 54 = d. What is the tens digit of j?
1
Suppose 3*t + 2*i = -3*i - 167, -2*i = -10. Let v = t + 225. What is the tens digit of v?
6
Suppose 0 = 4*a - x + 292514, 2*x = 5*a + 5*x + 365634. What is the tens digit of (-4)/22 - a/242?
0
Suppose -7*m = -9*m + 6. Let n(q) = -q**3 + 2*q**2 - 2*q + 1. Let v be n(m). What is the units digit of (315/v*36/5)/(-2)?
1
Let c = 233 + -226. What is the hundreds digit of (3689/(-21) - c)*(-6)/4?
2
Suppose -5*o = -2*t - 30, 4*o - 5*t - 17 = 6*o. Suppose 92 = x + x. Suppose -5*q = 2*v - 86, 3*v = o*v + q - x. What is the units digit of v?
8
Let q(s) = -5*s**2 + 833*s - 270. What is the units digit of q(82)?
6
Suppose -326 = -3*f - 956. Let m = f + 598. Suppose 4*y + m = 2*t, 6*t - 3*t - 3*y - 573 = 0. What is the hundreds digit of t?
1
Let t(q) = 9*q**2 + 42*q - 3*q**2 + 54 + q**3 - 13*q + 16*q**2. What is the tens digit of t(-19)?
8
Let g(n) = n**3 + 19*n**2 + 13*n + 253. What is the thousands digit of g(19)?
4
Suppose -9*j + 72 = -j. What is the tens digit of ((-2118)/(-15))/(j/90)?
1
Let n = 40735 - 24161. What is the tens digit of n?
7
Suppose -80*q = 5*p - 85*q - 13105, -3*p + 7851 = q. What is the tens digit of p?
1
Let w = -62 + 86. Suppose -w*l + l + 11063 = 0. What is the units digit of l?
1
What is the thousands digit of (2 + 1 + -1)*24416/16?
3
What is the thousands digit of (2272/(-6))/((-215)/5805)?
0
Let r = 58426 - 37496. What is the tens digit of r?
3
Let d be (0/(1/(-1)))/(-3 + 4). Suppose -3*x = -11*x + 96. Suppose d = x*h - 17*h + 345. What is the tens digit of h?
6
Let h = 75 + -71. Suppose h*j = -6*j - 30. What is the tens digit of (-924)/(-9) + j/(-9)?
0
What is the hundreds digit of (-292 - -309) + (-38568)/(-2)?
3
Suppose -72*w = -77*w + 3885. What is the units digit of -3 + w - (-18 - -26)?
6
Suppose 3*z - 9 = -3*w, -5*z + 3*w - 40 = -47. Suppose -3*p + 2725 = -z*c, 20*p - 16*p = 5*c + 3638. What is the units digit of p?
7
What is the hundreds digit of (-32005512)/(-2079) + 4/(-6)?
3
Suppose 0 = 2*i + 2*i - 5*s + 2, 0 = -4*i - 3*s + 14. Let x(q) = i*q + 21*q**2 - 1 + 0*q**2 - 9*q**2. What is the units digit of x(1)?
3
Let r = 131 - 133. Let b be (-10)/(4/6*6/r). Suppose -32 = -k - 2*g, -b*k + 76 = -g - 40. What is the tens digit of k?
2
Let h be 6/15 + 46/10. Suppose 3*y = -h*s + 63, 2*y - 7*y - 31 = -3*s. Suppose 0 = -4*p - n + 120, -p = -5*n - s - 39. What is the units digit of p?
1
Let f = 3801 + -1190. Suppose 10507 = 8*u + f. What is the hundreds digit of u?
9
Let a(f) = 5*f**2 - 53*f + 13. Suppose -i + 60 = 5*j, -7*i = -5*i. What is the tens digit of a(j)?
9
Suppose 48*p - 54*p = 2364. Let b = 31 - p. What is the hundreds digit of b?
4
Let i = 4621 - 2916. Suppose -10*m = -15*m - i. Let w = 490 + m. What is the hundreds digit of w?
1
Let c be 706113/9 + -7 - -5. Suppose -14*v + c = 57*v. What is the hundreds digit of v?
1
Suppose 2*j - 2*v - 110 = 2*v, -j + 4*v + 55 = 0. Let g = j - 50. What is the units digit of g?
5
Let p = -11847 + 28992. What is the ten thousands digit of p?
1
Suppose 2*b + 698 = 4*d, -343 = -2*d - 0*b - 5*b. Suppose d = 4*p + 30. What is the tens digit of 1462/14 + p/63?
0
What is the tens digit of (19316/2 + -5)*1?
5
Let t(m) = 13*m - 46. Let b be t(11). Let u = b + -101. Let j = 22 - u. What is the units digit of j?
6
Suppose -p = -3*r + 8*r - 21296, -6*r - 85184 = -4*p. What is the units digit of p?
6
What is the ten thousands digit of ((-574471)/276*-6)/(3/6)?
2
Let s(f) = f**3 - 40*f**2 + 55*f - 21. Let k be 96/16*(-2 - 34/(-4)). What is the tens digit of s(k)?
0
Suppose 3*v - 60 = 18*v. What is the units digit of (v/6*1)/(4/(-54))?
9
Suppose 16*d - 804 = 556. Suppose -4*s + 2*p = -280, 3*s - d = 3*p + 131. What is the tens digit of s?
6
Suppose -5*t - 13*a + 16*a = 2871, -a = 3*t + 1717. What is the units digit of 14 + -10 - (t + 2)?
5
Suppose -t + 50*p = 51*p - 8951, -5*t + 44737 = 2*p. What is the thousands digit of t?
8
Let o be -2 + -1 - -1 - -5. Let l(h) = 4*h**3 - h**2 + 4*h - 40. Let j be l(4). Suppose 5*k - 5*x = 275, x = -4*k + o*x + j. What is the units digit of k?
3
Suppose -3*j = 2*p - 51593, 47*j - 43*j + 154818 = 6*p. What is the 